{"id":204295,"date":"2021-04-27T13:27:04","date_gmt":"2021-04-27T11:27:04","guid":{"rendered":"https:\/\/integratek.es\/tienda\/sense categoria\/trastorn-per-deficit-datencio-amb-hiperactivitat-tdah\/"},"modified":"2026-03-16T09:10:07","modified_gmt":"2026-03-16T08:10:07","slug":"trastorn-per-deficit-datencio-amb-hiperactivitat-tdah","status":"publish","type":"product","link":"https:\/\/integratek.es\/ca\/botiga\/cursos-online-ca\/atencio-a-la-diversitat\/trastorn-per-deficit-datencio-amb-hiperactivitat-tdah\/","title":{"rendered":"Trastorn per d\u00e8ficit d&#8217;atenci\u00f3 amb hiperactivitat (TDAH)"},"content":{"rendered":"<p>Al llarg de la formaci\u00f3 es presentaran coneixements actualitzats i basats en l&#8217;evid\u00e8ncia cient\u00edfica dels fonaments neurobiol\u00f2gics i cognitius que expliquen de la conducta i, en aquest cas, de les dificultats de regulaci\u00f3 conductual i atencional que presenten els infants amb TDAH. Un cop compresa la naturalesa d&#8217;aquest trastorn, s&#8217;exposaran els tractaments amb evid\u00e8ncia cient\u00edfica vigents i s&#8217;aportaran eines pr\u00e0ctiques per intervenir a l&#8217;\u00e0mbit familiar, escolar i m\u00e8dic. Tot aix\u00f2 des d\u00b4una visi\u00f3 cl\u00ednica i aplicada, basada en l\u00b4experi\u00e8ncia cl\u00ednica fruit del treball diari del nostre equip amb nens\/es i adolescents amb aquest perfil.  <\/p>\n","protected":false},"excerpt":{"rendered":"<p><span data-sheets-root=\"1\"><b>Compr\u00e8n i diagnostica el TDAH per aplicar intervencions eficaces<\/b> .<\/p>\n<p>Aquest curs us brindar\u00e0 les eines necess\u00e0ries per identificar i diagnosticar el TDAH en nens i adolescents, comprenent les seves <b>caracter\u00edstiques des del paradigma de la neurodiverg\u00e8ncia<\/b> .<\/p>\n<p>A m\u00e9s, aprendr\u00e0s a desenvolupar estrat\u00e8gies pr\u00e0ctiques que donin suport tant al diagn\u00f2stic com a la intervenci\u00f3, amb l&#8217;objectiu de crear entorns inclusius que afavoreixin l&#8217;aprenentatge i el benestar dels estudiants. Ja siguis professional o educador, aquest curs et preparar\u00e0 per <b>abordar de manera integral els desafiaments que presenta el TDAH<\/b> .<br \/>\n<\/span><\/p>\n<p><img loading=\"lazy\" decoding=\"async\" class=\"alignnone size-full wp-image-196990\" src=\"https:\/\/integratek.es\/wp-content\/uploads\/2024\/09\/Logo-UB-IDP_copia.png\" alt=\"\" width=\"500\" height=\"133\"><\/p>\n","protected":false},"featured_media":102318,"comment_status":"closed","ping_status":"closed","template":"","meta":{"_acf_changed":false,"footnotes":""},"product_brand":[],"product_cat":[741,743],"product_tag":[458,166,475,476],"class_list":{"0":"post-204295","1":"product","2":"type-product","3":"status-publish","4":"has-post-thumbnail","6":"product_cat-atencio-a-la-diversitat","7":"product_cat-cursos-online-ca","8":"product_tag-cursos-online-ca","9":"product_tag-tdah","10":"product_tag-trastornos-del-aprendizaje-ca","11":"product_tag-utae-ca","13":"first","14":"instock","15":"sale","16":"sold-individually","17":"taxable","18":"shipping-taxable","19":"purchasable","20":"product-type-variable"},"bundled_by":[],"bundle_stock_status":"instock","bundle_stock_quantity":null,"bundle_virtual":false,"bundle_layout":"","bundle_add_to_cart_form_location":"","bundle_editable_in_cart":false,"bundle_sold_individually_context":"","bundle_item_grouping":"","bundle_min_size":"","bundle_max_size":"","bundle_price":[],"bundled_items":[],"bundle_sell_ids":[],"acf":[],"_links":{"self":[{"href":"https:\/\/integratek.es\/ca\/wp-json\/wp\/v2\/product\/204295","targetHints":{"allow":["GET"]}}],"collection":[{"href":"https:\/\/integratek.es\/ca\/wp-json\/wp\/v2\/product"}],"about":[{"href":"https:\/\/integratek.es\/ca\/wp-json\/wp\/v2\/types\/product"}],"replies":[{"embeddable":true,"href":"https:\/\/integratek.es\/ca\/wp-json\/wp\/v2\/comments?post=204295"}],"version-history":[{"count":0,"href":"https:\/\/integratek.es\/ca\/wp-json\/wp\/v2\/product\/204295\/revisions"}],"wp:featuredmedia":[{"embeddable":true,"href":"https:\/\/integratek.es\/ca\/wp-json\/wp\/v2\/media\/102318"}],"wp:attachment":[{"href":"https:\/\/integratek.es\/ca\/wp-json\/wp\/v2\/media?parent=204295"}],"wp:term":[{"taxonomy":"product_brand","embeddable":true,"href":"https:\/\/integratek.es\/ca\/wp-json\/wp\/v2\/product_brand?post=204295"},{"taxonomy":"product_cat","embeddable":true,"href":"https:\/\/integratek.es\/ca\/wp-json\/wp\/v2\/product_cat?post=204295"},{"taxonomy":"product_tag","embeddable":true,"href":"https:\/\/integratek.es\/ca\/wp-json\/wp\/v2\/product_tag?post=204295"}],"curies":[{"name":"wp","href":"https:\/\/api.w.org\/{rel}","templated":true}]}}

Trastorn per dèficit d&#8217;atenció amb hiperactivitat (TDAH)

<p>Al llarg de la formació es presentaran coneixements actualitzats i basats en l&#8217;evidència científica dels fonaments neurobiològics i cognitius que expliquen de la conducta i, en aquest cas, de les dificultats de regulació conductual i atencional que presenten els infants amb TDAH. Un cop compresa la naturalesa d&#8217;aquest trastorn, s&#8217;exposaran els tractaments amb evidència científica vigents i s&#8217;aportaran eines pràctiques per intervenir a l&#8217;àmbit familiar, escolar i mèdic. Tot això des d´una visió clínica i aplicada, basada en l´experiència clínica fruit del treball diari del nostre equip amb nens/es i adolescents amb aquest perfil.  </p>

<p><span data-sheets-root="1"><b>Comprèn i diagnostica el TDAH per aplicar intervencions eficaces</b> .</p>
<p>Aquest curs us brindarà les eines necessàries per identificar i diagnosticar el TDAH en nens i adolescents, comprenent les seves <b>característiques des del paradigma de la neurodivergència</b> .</p>
<p>A més, aprendràs a desenvolupar estratègies pràctiques que donin suport tant al diagnòstic com a la intervenció, amb l&#8217;objectiu de crear entorns inclusius que afavoreixin l&#8217;aprenentatge i el benestar dels estudiants. Ja siguis professional o educador, aquest curs et prepararà per <b>abordar de manera integral els desafiaments que presenta el TDAH</b> .<br />
</span></p>
<p><img loading="lazy" decoding="async" class="alignnone size-full wp-image-196990" src="https://integratek.es/wp-content/uploads/2024/09/Logo-UB-IDP_copia.png" alt="" width="500" height="133"></p>
