{"id":204287,"date":"2021-04-27T13:15:25","date_gmt":"2021-04-27T11:15:25","guid":{"rendered":"https:\/\/integratek.es\/tienda\/sense categoria\/neuroeducacio-a-laula-de-la-teoria-a-la-practica\/"},"modified":"2026-02-02T11:22:32","modified_gmt":"2026-02-02T10:22:32","slug":"neuroeducacio-a-laula-de-la-teoria-a-la-practica","status":"publish","type":"product","link":"https:\/\/integratek.es\/ca\/botiga\/cursos-online-ca\/neurociencia-ca-2\/neuroeducacio-a-laula-de-la-teoria-a-la-practica\/","title":{"rendered":"Neuroeducaci\u00f3 a l&#8217;aula: de la teoria a la pr\u00e0ctica"},"content":{"rendered":"<p align=\"justify\">La finalitat d&#8217;aquest curs \u00e9s compartir amb tu algunes de les evid\u00e8ncies emp\u00edriques m\u00e9s significatives que donen suport a un aut\u00e8ntic ensenyament basat en el cervell, el qual, sens dubte, \u00e9s el que millora all\u00f2 veritablement important: l&#8217;aprenentatge de l&#8217;alumnat. Tot i que moltes de les estrat\u00e8gies proposades s&#8217;analitzen en l&#8217;entorn particular de l&#8217;aula, es poden generalitzar i adaptar a molts contextos educatius m\u00e9s. <\/p>\n<p align=\"justify\">Perqu\u00e8 l&#8217;educaci\u00f3 no es restringeix a l&#8217;escola, i perqu\u00e8 el concepte d&#8217;aula com a espai d&#8217;aprenentatge obliga a comprendre m\u00e9s en els temps actuals. A m\u00e9s d&#8217;identificar alguns dels aven\u00e7os m\u00e9s significatius que procedeixen de les ci\u00e8ncies cognitives, analitzarem moltes implicacions educatives que s\u00f3n molt f\u00e0cils de posar en pr\u00e0ctica i que poden adaptar-se, majorit\u00e0riament, a totes les etapes educatives. Sempre des d&#8217;una perspectiva oberta i cr\u00edtica que ens convida a reflexionar i, en alguns casos, a millorar les estrat\u00e8gies pedag\u00f2giques a l&#8217;aula. Sense oblidar que la ci\u00e8ncia \u00e9s una font inesgotable de subministrament de proves que est\u00e0 en cont\u00ednua evoluci\u00f3.   <\/p>\n<p align=\"justify\">La neuroeducaci\u00f3 constitueix una mirada nova, flexible, positiva, optimista, perqu\u00e8 est\u00e0 en conson\u00e0ncia amb diverses metodologies d&#8217;aprenentatge actiu i perqu\u00e8 fomenta el desenvolupament de compet\u00e8ncies per a la vida; o, m\u00e9s ben dit, \u00e9s la pr\u00f2pia vida.<br \/>\n Sintetitzant, aquest curs proporcionarem coneixements i orientacions pr\u00e0ctiques perqu\u00e8 qualsevol educador pugui millorar la seva acci\u00f3 pedag\u00f2gica.<\/p>\n","protected":false},"excerpt":{"rendered":"<p><span data-sheets-root=\"1\"><b>Incorpora la neuroeducaci\u00f3 a l&#8217;aula per millorar l&#8217;aprenentatge dels estudiants.<\/b><\/span><\/p>\n<p>Descobreix com aplicar els principis de la <b>neuroeducaci\u00f3 a l&#8217;aula i transformar el teu enfocament pedag\u00f2gic<\/b> . El contingut, basat en els darrers aven\u00e7os cient\u00edfics, t&#8217;ensenyar\u00e0 com funciona el cervell durant el proc\u00e9s d&#8217;aprenentatge i com adaptar les estrat\u00e8gies educatives per millorar l&#8217;atenci\u00f3, la mem\u00f2ria i la motivaci\u00f3 dels estudiants. <\/p>\n<p><b>Una formaci\u00f3 imprescindible i 100% actualitzada<\/b> per a educadors que busquen innovar i aplicar m\u00e8todes basats en el funcionament del cervell.<br \/>\n<b><\/b><\/p>\n","protected":false},"featured_media":102297,"comment_status":"closed","ping_status":"closed","template":"","meta":{"_acf_changed":false,"footnotes":""},"product_brand":[],"product_cat":[743,745],"product_tag":[458],"class_list":{"0":"post-204287","1":"product","2":"type-product","3":"status-publish","4":"has-post-thumbnail","6":"product_cat-cursos-online-ca","7":"product_cat-neurociencia-ca-2","8":"product_tag-cursos-online-ca","10":"first","11":"instock","12":"sale","13":"sold-individually","14":"taxable","15":"shipping-taxable","16":"purchasable","17":"product-type-variable"},"bundled_by":[],"bundle_stock_status":"instock","bundle_stock_quantity":null,"bundle_virtual":false,"bundle_layout":"","bundle_add_to_cart_form_location":"","bundle_editable_in_cart":false,"bundle_sold_individually_context":"","bundle_item_grouping":"","bundle_min_size":"","bundle_max_size":"","bundle_price":[],"bundled_items":[],"bundle_sell_ids":[],"acf":[],"_links":{"self":[{"href":"https:\/\/integratek.es\/ca\/wp-json\/wp\/v2\/product\/204287","targetHints":{"allow":["GET"]}}],"collection":[{"href":"https:\/\/integratek.es\/ca\/wp-json\/wp\/v2\/product"}],"about":[{"href":"https:\/\/integratek.es\/ca\/wp-json\/wp\/v2\/types\/product"}],"replies":[{"embeddable":true,"href":"https:\/\/integratek.es\/ca\/wp-json\/wp\/v2\/comments?post=204287"}],"version-history":[{"count":3,"href":"https:\/\/integratek.es\/ca\/wp-json\/wp\/v2\/product\/204287\/revisions"}],"predecessor-version":[{"id":209956,"href":"https:\/\/integratek.es\/ca\/wp-json\/wp\/v2\/product\/204287\/revisions\/209956"}],"wp:featuredmedia":[{"embeddable":true,"href":"https:\/\/integratek.es\/ca\/wp-json\/wp\/v2\/media\/102297"}],"wp:attachment":[{"href":"https:\/\/integratek.es\/ca\/wp-json\/wp\/v2\/media?parent=204287"}],"wp:term":[{"taxonomy":"product_brand","embeddable":true,"href":"https:\/\/integratek.es\/ca\/wp-json\/wp\/v2\/product_brand?post=204287"},{"taxonomy":"product_cat","embeddable":true,"href":"https:\/\/integratek.es\/ca\/wp-json\/wp\/v2\/product_cat?post=204287"},{"taxonomy":"product_tag","embeddable":true,"href":"https:\/\/integratek.es\/ca\/wp-json\/wp\/v2\/product_tag?post=204287"}],"curies":[{"name":"wp","href":"https:\/\/api.w.org\/{rel}","templated":true}]}}

Neuroeducació a l&#8217;aula: de la teoria a la pràctica

<p align="justify">La finalitat d&#8217;aquest curs és compartir amb tu algunes de les evidències empíriques més significatives que donen suport a un autèntic ensenyament basat en el cervell, el qual, sens dubte, és el que millora allò veritablement important: l&#8217;aprenentatge de l&#8217;alumnat. Tot i que moltes de les estratègies proposades s&#8217;analitzen en l&#8217;entorn particular de l&#8217;aula, es poden generalitzar i adaptar a molts contextos educatius més. </p>
<p align="justify">Perquè l&#8217;educació no es restringeix a l&#8217;escola, i perquè el concepte d&#8217;aula com a espai d&#8217;aprenentatge obliga a comprendre més en els temps actuals. A més d&#8217;identificar alguns dels avenços més significatius que procedeixen de les ciències cognitives, analitzarem moltes implicacions educatives que són molt fàcils de posar en pràctica i que poden adaptar-se, majoritàriament, a totes les etapes educatives. Sempre des d&#8217;una perspectiva oberta i crítica que ens convida a reflexionar i, en alguns casos, a millorar les estratègies pedagògiques a l&#8217;aula. Sense oblidar que la ciència és una font inesgotable de subministrament de proves que està en contínua evolució.   </p>
<p align="justify">La neuroeducació constitueix una mirada nova, flexible, positiva, optimista, perquè està en consonància amb diverses metodologies d&#8217;aprenentatge actiu i perquè fomenta el desenvolupament de competències per a la vida; o, més ben dit, és la pròpia vida.<br />
 Sintetitzant, aquest curs proporcionarem coneixements i orientacions pràctiques perquè qualsevol educador pugui millorar la seva acció pedagògica.</p>

<p><span data-sheets-root="1"><b>Incorpora la neuroeducació a l&#8217;aula per millorar l&#8217;aprenentatge dels estudiants.</b></span></p>
<p>Descobreix com aplicar els principis de la <b>neuroeducació a l&#8217;aula i transformar el teu enfocament pedagògic</b> . El contingut, basat en els darrers avenços científics, t&#8217;ensenyarà com funciona el cervell durant el procés d&#8217;aprenentatge i com adaptar les estratègies educatives per millorar l&#8217;atenció, la memòria i la motivació dels estudiants. </p>
<p><b>Una formació imprescindible i 100% actualitzada</b> per a educadors que busquen innovar i aplicar mètodes basats en el funcionament del cervell.<br />
<b></b></p>
