{"id":204228,"date":"2022-03-23T12:06:55","date_gmt":"2022-03-23T11:06:55","guid":{"rendered":"https:\/\/integratek.es\/tienda\/sense%20categoria\/coneixer-identificar-i-atendre-les-altes-capacitats-intellectuals\/"},"modified":"2026-02-02T11:43:16","modified_gmt":"2026-02-02T10:43:16","slug":"coneixer-identificar-i-atendre-les-altes-capacitats-intellectuals","status":"publish","type":"product","link":"https:\/\/integratek.es\/ca\/botiga\/cursos-online-ca\/atencio-a-la-diversitat\/coneixer-identificar-i-atendre-les-altes-capacitats-intellectuals\/","title":{"rendered":"Con\u00e8ixer, identificar i atendre les altes capacitats intel\u00b7lectuals"},"content":{"rendered":"<p><span style=\"font-weight: 400;\">Al llarg d&#8217;aquesta formaci\u00f3 els docents aprendran coneixements actualitzats per poder con\u00e8ixer, identificar i atendre les altes capacitats intel\u00b7lectuals.  <\/span><\/p>\n<p><span style=\"font-weight: 400;\">En aquesta formaci\u00f3 es donar\u00e0 una intervenci\u00f3 a l&#8217;aula des de diferents punts de vista inclusius i a partir de la visi\u00f3 basada en l&#8217;experi\u00e8ncia del nostre equip formador, posant el nen\/a com a part central i primordial de la intervenci\u00f3 educativa.<\/span><\/p>\n","protected":false},"excerpt":{"rendered":"<p><span data-sheets-root=\"1\"><b>Identifica i recolza el talent d&#8217;estudiants amb altes capacitats intel\u00b7lectuals<\/b> .<\/p>\n<p>Aprendr\u00e0s a recon\u00e8ixer les caracter\u00edstiques dels estudiants amb altes capacitats i a implementar estrat\u00e8gies educatives que <b>fomentin el seu desenvolupament integral<\/b>. Desenvolupar\u00e0s eines per crear entorns d&#8217;aprenentatge que n&#8217;estimulin el potencial, respectant les necessitats emocionals i cognitives. <\/p>\n<p>A m\u00e9s, coneixer\u00e0s <b>enfocaments pr\u00e0ctics per acompanyar aquests estudiants<\/b>, tant a l&#8217;aula com a la seva vida di\u00e0ria, afavorint el seu benestar i creixement personal.<\/span><\/p>\n","protected":false},"featured_media":204230,"comment_status":"closed","ping_status":"closed","template":"","meta":{"_acf_changed":false,"footnotes":""},"product_brand":[],"product_cat":[741,743],"product_tag":[459,458,862],"class_list":{"0":"post-204228","1":"product","2":"type-product","3":"status-publish","4":"has-post-thumbnail","6":"product_cat-atencio-a-la-diversitat","7":"product_cat-cursos-online-ca","8":"product_tag-altes-capacitats","9":"product_tag-cursos-online-ca","10":"product_tag-rosabel-ca","12":"first","13":"instock","14":"sale","15":"sold-individually","16":"taxable","17":"shipping-taxable","18":"purchasable","19":"product-type-variable"},"bundled_by":[],"bundle_stock_status":"instock","bundle_stock_quantity":null,"bundle_virtual":false,"bundle_layout":"","bundle_add_to_cart_form_location":"","bundle_editable_in_cart":false,"bundle_sold_individually_context":"","bundle_item_grouping":"","bundle_min_size":"","bundle_max_size":"","bundle_price":[],"bundled_items":[],"bundle_sell_ids":[],"acf":[],"_links":{"self":[{"href":"https:\/\/integratek.es\/ca\/wp-json\/wp\/v2\/product\/204228","targetHints":{"allow":["GET"]}}],"collection":[{"href":"https:\/\/integratek.es\/ca\/wp-json\/wp\/v2\/product"}],"about":[{"href":"https:\/\/integratek.es\/ca\/wp-json\/wp\/v2\/types\/product"}],"replies":[{"embeddable":true,"href":"https:\/\/integratek.es\/ca\/wp-json\/wp\/v2\/comments?post=204228"}],"version-history":[{"count":2,"href":"https:\/\/integratek.es\/ca\/wp-json\/wp\/v2\/product\/204228\/revisions"}],"predecessor-version":[{"id":208611,"href":"https:\/\/integratek.es\/ca\/wp-json\/wp\/v2\/product\/204228\/revisions\/208611"}],"wp:featuredmedia":[{"embeddable":true,"href":"https:\/\/integratek.es\/ca\/wp-json\/wp\/v2\/media\/204230"}],"wp:attachment":[{"href":"https:\/\/integratek.es\/ca\/wp-json\/wp\/v2\/media?parent=204228"}],"wp:term":[{"taxonomy":"product_brand","embeddable":true,"href":"https:\/\/integratek.es\/ca\/wp-json\/wp\/v2\/product_brand?post=204228"},{"taxonomy":"product_cat","embeddable":true,"href":"https:\/\/integratek.es\/ca\/wp-json\/wp\/v2\/product_cat?post=204228"},{"taxonomy":"product_tag","embeddable":true,"href":"https:\/\/integratek.es\/ca\/wp-json\/wp\/v2\/product_tag?post=204228"}],"curies":[{"name":"wp","href":"https:\/\/api.w.org\/{rel}","templated":true}]}}

Conèixer, identificar i atendre les altes capacitats intel·lectuals

<p><span style="font-weight: 400;">Al llarg d&#8217;aquesta formació els docents aprendran coneixements actualitzats per poder conèixer, identificar i atendre les altes capacitats intel·lectuals.  </span></p>
<p><span style="font-weight: 400;">En aquesta formació es donarà una intervenció a l&#8217;aula des de diferents punts de vista inclusius i a partir de la visió basada en l&#8217;experiència del nostre equip formador, posant el nen/a com a part central i primordial de la intervenció educativa.</span></p>

<p><span data-sheets-root="1"><b>Identifica i recolza el talent d&#8217;estudiants amb altes capacitats intel·lectuals</b> .</p>
<p>Aprendràs a reconèixer les característiques dels estudiants amb altes capacitats i a implementar estratègies educatives que <b>fomentin el seu desenvolupament integral</b>. Desenvoluparàs eines per crear entorns d&#8217;aprenentatge que n&#8217;estimulin el potencial, respectant les necessitats emocionals i cognitives. </p>
<p>A més, coneixeràs <b>enfocaments pràctics per acompanyar aquests estudiants</b>, tant a l&#8217;aula com a la seva vida diària, afavorint el seu benestar i creixement personal.</span></p>
