{"id":38639,"date":"2017-12-14T10:43:53","date_gmt":"2017-12-14T10:43:53","guid":{"rendered":"http:\/\/integratek.es\/?page_id=38639"},"modified":"2025-07-22T07:34:36","modified_gmt":"2025-07-22T05:34:36","slug":"avis-legal","status":"publish","type":"page","link":"https:\/\/integratek.es\/ca\/avis-legal\/","title":{"rendered":"AV\u00cdS LEGAL"},"content":{"rendered":"\n<p><strong>1. INFORMACI\u00d3 LEGAL<\/strong><\/p>\n<p>1.1 En compliment de l&#8217;article 10 de la Llei 34\/2002, de 11 de juliol, de serveis de la societat de la informaci\u00f3 i de comer\u00e7 electr\u00f2nic (LSSI-CE) presentem la informaci\u00f3 seg\u00fcent:<\/p>\n<p>Ra\u00f3 Social: Integra-Tek, SL i Associaci\u00f3 Integratek<\/p>\n<p>Adre\u00e7a: C\/ Zamora, 45 08005-Barcelona<\/p>\n<p>CIF: B65086654<\/p>\n<p>Tel\u00e8fon: 932107024<\/p>\n<p>E-mail: <a href=\"mailto:info@integratek.es\">info@integratek.es<\/a><\/p>\n<p><strong>2. PROTECCI\u00d3 DE DADES<\/strong><\/p>\n<p>2.1. Completant el formulari de registre o de contacte, enviant un correu electr\u00f2nic o trucant per tel\u00e8fon, les vostres dades personals passaran a ser responsabilitat de l&#8217;empresa les dades de la qual es relacionen a l&#8217;apartat 1. Informaci\u00f3 Legal. <\/p>\n<p>2.2. Aquestes dades s&#8217;utilitzen per respondre a la seva sol\u00b7licitud o consulta el m\u00e9s aviat possible perqu\u00e8 vost\u00e8 ens les proporciona informada i lliurement amb aquesta finalitat. Per a altres tractaments o finalitats relacionades amb la prestaci\u00f3 dels nostres serveis o el desenvolupament de la nostra activitat, podeu obtenir m\u00e9s informaci\u00f3 a la Pol\u00edtica de Privadesa o sol\u00b7licitar-los a la nostra adre\u00e7a de contacte. <\/p>\n<p><strong>3. LIMITACI\u00d3 DE RESPONSABILITATS<\/strong><\/p>\n<p>3.1. Integra-Tek, SL i Asociaci\u00f3n Integratek proporciona el lloc web corporatiu com a mitj\u00e0 de donar a con\u00e8ixer els seus productes i serveis, i permetre el contacte amb els clients. La informaci\u00f3 de la p\u00e0gina web es presenta de bona fe com a certa, per\u00f2 ens reservem el dret a modificar-la sense previ av\u00eds amb les finalitats d&#8217;actualitzar-la, corregir errors i qualssevol altres en inter\u00e8s de l&#8217;empresa o dels nostres clients. Per a la contractaci\u00f3 dels productes o serveis de l&#8217;entitat cal atenir-se al que disposen les condicions de contractaci\u00f3 publicades a la p\u00e0gina web.  <\/p>\n<p>3.2. L&#8217;entitat no es responsabilitza sobre els possibles danys inform\u00e0tics que l&#8217;usuari pugui patir mentre visita la nostra p\u00e0gina web entenent que aquells no puguin ser imputables a l&#8217;entitat.<\/p>\n<p>3.3. L&#8217;entitat tampoc no es responsabilitza del contingut dels llocs gestionats per tercers que s&#8217;enllacin des de la p\u00e0gina web, aix\u00ed mateix aquests enlla\u00e7os no implicaran l&#8217;exist\u00e8ncia d&#8217;algun tipus de relaci\u00f3 per part d&#8217;Integra-Tek, SL i Asociaci\u00f3n Integratek amb aquests tercers.<\/p>\n<p><strong>4. PROPIETAT INTEL\u00b7LECTUAL<\/strong><\/p>\n<p>4.1. Tots els continguts d&#8217;aquesta p\u00e0gina web entenent com a tals els textos, dibuixos, gr\u00e0fics, fotografies, imatges, v\u00eddeos, m\u00fasica, codi, el propi disseny d&#8217;aquesta i qualsevol altra creaci\u00f3 s\u00f3n propietat d&#8217;Integra-Tek, SL i Associaci\u00f3 Integratek o dels seus respectius titulars mitjan\u00e7ant la corresponent llic\u00e8ncia, autoritzaci\u00f3 o cessi\u00f3 sobre els drets i estan protegits en funci\u00f3 de la legislaci\u00f3 sobre la propietat intel\u00b7lectual.<\/p>\n<p>4.2. En cap cas no s&#8217;entendr\u00e0 que la posada a disposici\u00f3 del p\u00fablic de la p\u00e0gina web constitueix ren\u00fancia, cessi\u00f3 o llic\u00e8ncia dels drets que Integra-Tek, SL i Associaci\u00f3 Integratek t\u00e9 sobre els continguts d&#8217;aquesta.<\/p>\n<p>4.3. Queda prohibit qualsevol \u00fas dels continguts de la nostra p\u00e0gina web inclosa la modificaci\u00f3, la c\u00f2pia, la reproducci\u00f3, la transmissi\u00f3, etc\u00e8tera sense la pr\u00e8via autoritzaci\u00f3 per escrit de l&#8217;entitat.<\/p>\n<p><b style=\"color: #333333;\">5. DEVOLUCIONS<\/b><\/p>\n<p><span style=\"font-weight: 400;\">5.1. Als cursos en l\u00ednia es podr\u00e0 realitzar el reemborsament de l&#8217;import total en els primers 14 dies despr\u00e9s de la compra del curs, sempre que no s&#8217;hagi complert la data d&#8217;inici del curs. Per tant, si el curs ja est\u00e0 disponible al Campus Virtual, \u00fanicament es podr\u00e0 realitzar un canvi de formaci\u00f3 per un altre d&#8217;igual o major import, abonant la difer\u00e8ncia de preu. <\/span><\/p>\n<p><span style=\"font-weight: 400;\">5.2. Als cursos presencials es realitzar\u00e0 el reemborsament de l&#8217;import total fins als 14 dies naturals abans de la data de celebraci\u00f3 de la formaci\u00f3. Despr\u00e9s dels 15 dies, \u00fanicament es podr\u00e0 fer un canvi de participant, mantenint l&#8217;import del curs sense possibilitat de devoluci\u00f3. <\/span><\/p>\n<p><span style=\"font-weight: 400;\">5.3. A Congressos i Jornades amb opci\u00f3 de participaci\u00f3 en doble modalitat (presencial i en l\u00ednia) no s&#8217;establir\u00e0 cap reemborsament de l&#8217;import total des de la data de compra de l&#8217;entrada. <\/span><\/p>\n\n\n","protected":false},"excerpt":{"rendered":"","protected":false},"author":158732,"featured_media":0,"parent":0,"menu_order":0,"comment_status":"closed","ping_status":"closed","template":"page-blank-title-center.php","meta":{"_acf_changed":false,"productId":0,"footnotes":""},"class_list":["post-38639","page","type-page","status-publish","hentry"],"acf":[],"_links":{"self":[{"href":"https:\/\/integratek.es\/ca\/wp-json\/wp\/v2\/pages\/38639","targetHints":{"allow":["GET"]}}],"collection":[{"href":"https:\/\/integratek.es\/ca\/wp-json\/wp\/v2\/pages"}],"about":[{"href":"https:\/\/integratek.es\/ca\/wp-json\/wp\/v2\/types\/page"}],"author":[{"embeddable":true,"href":"https:\/\/integratek.es\/ca\/wp-json\/wp\/v2\/users\/158732"}],"replies":[{"embeddable":true,"href":"https:\/\/integratek.es\/ca\/wp-json\/wp\/v2\/comments?post=38639"}],"version-history":[{"count":3,"href":"https:\/\/integratek.es\/ca\/wp-json\/wp\/v2\/pages\/38639\/revisions"}],"predecessor-version":[{"id":203145,"href":"https:\/\/integratek.es\/ca\/wp-json\/wp\/v2\/pages\/38639\/revisions\/203145"}],"wp:attachment":[{"href":"https:\/\/integratek.es\/ca\/wp-json\/wp\/v2\/media?parent=38639"}],"curies":[{"name":"wp","href":"https:\/\/api.w.org\/{rel}","templated":true}]}}

AVÍS LEGAL

<p><strong>1. INFORMACIÓ LEGAL</strong></p>
<p>1.1 En compliment de l&#8217;article 10 de la Llei 34/2002, de 11 de juliol, de serveis de la societat de la informació i de comerç electrònic (LSSI-CE) presentem la informació següent:</p>
<p>Raó Social: Integra-Tek, SL i Associació Integratek</p>
<p>Adreça: C/ Zamora, 45 08005-Barcelona</p>
<p>CIF: B65086654</p>
<p>Telèfon: 932107024</p>
<p>E-mail: <a href="mailto:info@integratek.es">info@integratek.es</a></p>
<p><strong>2. PROTECCIÓ DE DADES</strong></p>
<p>2.1. Completant el formulari de registre o de contacte, enviant un correu electrònic o trucant per telèfon, les vostres dades personals passaran a ser responsabilitat de l&#8217;empresa les dades de la qual es relacionen a l&#8217;apartat 1. Informació Legal. </p>
<p>2.2. Aquestes dades s&#8217;utilitzen per respondre a la seva sol·licitud o consulta el més aviat possible perquè vostè ens les proporciona informada i lliurement amb aquesta finalitat. Per a altres tractaments o finalitats relacionades amb la prestació dels nostres serveis o el desenvolupament de la nostra activitat, podeu obtenir més informació a la Política de Privadesa o sol·licitar-los a la nostra adreça de contacte. </p>
<p><strong>3. LIMITACIÓ DE RESPONSABILITATS</strong></p>
<p>3.1. Integra-Tek, SL i Asociación Integratek proporciona el lloc web corporatiu com a mitjà de donar a conèixer els seus productes i serveis, i permetre el contacte amb els clients. La informació de la pàgina web es presenta de bona fe com a certa, però ens reservem el dret a modificar-la sense previ avís amb les finalitats d&#8217;actualitzar-la, corregir errors i qualssevol altres en interès de l&#8217;empresa o dels nostres clients. Per a la contractació dels productes o serveis de l&#8217;entitat cal atenir-se al que disposen les condicions de contractació publicades a la pàgina web.  </p>
<p>3.2. L&#8217;entitat no es responsabilitza sobre els possibles danys informàtics que l&#8217;usuari pugui patir mentre visita la nostra pàgina web entenent que aquells no puguin ser imputables a l&#8217;entitat.</p>
<p>3.3. L&#8217;entitat tampoc no es responsabilitza del contingut dels llocs gestionats per tercers que s&#8217;enllacin des de la pàgina web, així mateix aquests enllaços no implicaran l&#8217;existència d&#8217;algun tipus de relació per part d&#8217;Integra-Tek, SL i Asociación Integratek amb aquests tercers.</p>
<p><strong>4. PROPIETAT INTEL·LECTUAL</strong></p>
<p>4.1. Tots els continguts d&#8217;aquesta pàgina web entenent com a tals els textos, dibuixos, gràfics, fotografies, imatges, vídeos, música, codi, el propi disseny d&#8217;aquesta i qualsevol altra creació són propietat d&#8217;Integra-Tek, SL i Associació Integratek o dels seus respectius titulars mitjançant la corresponent llicència, autorització o cessió sobre els drets i estan protegits en funció de la legislació sobre la propietat intel·lectual.</p>
<p>4.2. En cap cas no s&#8217;entendrà que la posada a disposició del públic de la pàgina web constitueix renúncia, cessió o llicència dels drets que Integra-Tek, SL i Associació Integratek té sobre els continguts d&#8217;aquesta.</p>
<p>4.3. Queda prohibit qualsevol ús dels continguts de la nostra pàgina web inclosa la modificació, la còpia, la reproducció, la transmissió, etcètera sense la prèvia autorització per escrit de l&#8217;entitat.</p>
<p><b style="color: #333333;">5. DEVOLUCIONS</b></p>
<p><span style="font-weight: 400;">5.1. Als cursos en línia es podrà realitzar el reemborsament de l&#8217;import total en els primers 14 dies després de la compra del curs, sempre que no s&#8217;hagi complert la data d&#8217;inici del curs. Per tant, si el curs ja està disponible al Campus Virtual, únicament es podrà realitzar un canvi de formació per un altre d&#8217;igual o major import, abonant la diferència de preu. </span></p>
<p><span style="font-weight: 400;">5.2. Als cursos presencials es realitzarà el reemborsament de l&#8217;import total fins als 14 dies naturals abans de la data de celebració de la formació. Després dels 15 dies, únicament es podrà fer un canvi de participant, mantenint l&#8217;import del curs sense possibilitat de devolució. </span></p>
<p><span style="font-weight: 400;">5.3. A Congressos i Jornades amb opció de participació en doble modalitat (presencial i en línia) no s&#8217;establirà cap reemborsament de l&#8217;import total des de la data de compra de l&#8217;entrada. </span></p>
