{"id":203186,"date":"2018-05-17T13:32:44","date_gmt":"2018-05-17T11:32:44","guid":{"rendered":"https:\/\/integratek.es\/curriculum-roser-colome-2\/"},"modified":"2025-08-25T10:25:04","modified_gmt":"2025-08-25T08:25:04","slug":"curriculum-roser-colome","status":"publish","type":"page","link":"https:\/\/integratek.es\/ca\/curriculum-roser-colome\/","title":{"rendered":"Curr\u00edculum Roser Colom\u00e9"},"content":{"rendered":"\n\t<div id=\"gap-1394702710\" class=\"gap-element clearfix\" style=\"display:block; height:auto;\">\n\t\t\n<style>\n#gap-1394702710 {\n  padding-top: 50px;\n}\n<\/style>\n\t<\/div>\n\t\n\n<div class=\"row\"  id=\"row-2115536422\">\n\n\n\t<div id=\"col-841904244\" class=\"col medium-6 small-12 large-6\"  >\n\t\t\t\t<div class=\"col-inner\"  >\n\t\t\t\n\t\t\t\n\n<h1><span style=\"font-size: 160%;\">ROSER <span style=\"color: #ff8300;\">COLOM\u00c9<\/span><\/span><\/h1>\n<p>Llicenciada i doctora en Psicologia. Experta en neuropsicologia. Treballa com a neuropsic\u00f2loga a la Unitat de Trastorns de l&#8217;Aprenentatge Escolar (UTAE).  <\/p>\n<div>\n<p>Llicenciada en Psicologia per la Universitat Rovira i Virgili i doctora en Psicologia a la Universitat Aut\u00f2noma de Barcelona (UAB). M\u00e0ster en Neuropsicologia cl\u00ednica per la UAB i reconeguda l&#8217;Expertesa a Neuropsicologia pel Col\u00b7legi Oficial de Psic\u00f2legs de Catalunya. <\/p>\n<p>Treballa com a neuropsic\u00f2loga a la Unitat de Trastorn de l&#8217;Aprenentatge Escolar (UTAE) de l&#8217;Institut Pedi\u00e0tric Sant Joan de D\u00e9u.<\/p>\n<p>Tamb\u00e9 treballa com a adjunta al Servei de Neurologia de l&#8217;Hospital Sant Joan de D\u00e9u. La seva activitat assistencial es basa en la valoraci\u00f3 neuropsicol\u00f2gica dels nens que presentin dany cerebral adquirit (TCE, AVC, &#8230;), epil\u00e8psia, prematuritat, etc.<\/p>\n<p>En la seva activitat docent, forma part de diferents programes de m\u00e0ster impartint assignatures relacionades amb la neuropsicologia a l&#8217;\u00e0mbit pedi\u00e0tric i com a tutora de pr\u00e0ctiques. <\/p>\n<\/div>\n\n\t\t<\/div>\n\t\t\t\t\t<\/div>\n\n\t\n\n\t<div id=\"col-1535538225\" class=\"col medium-6 small-12 large-6\"  >\n\t\t\t\t<div class=\"col-inner\"  >\n\t\t\t\n\t\t\t\n\n\t<div class=\"img has-hover x md-x lg-x y md-y lg-y\" id=\"image_1994027592\">\n\t\t\t\t\t\t\t\t<div class=\"img-inner dark\" style=\"margin:-0 0px 0px 0px;\">\n\t\t\t<img loading=\"lazy\" decoding=\"async\" width=\"346\" height=\"346\" src=\"https:\/\/integratek.es\/wp-content\/uploads\/2018\/05\/colome_roura_roser_hospital_sant_joan_deu_barcelona.jpg\" class=\"attachment-large size-large\" alt=\"\" srcset=\"https:\/\/integratek.es\/wp-content\/uploads\/2018\/05\/colome_roura_roser_hospital_sant_joan_deu_barcelona.jpg 346w, https:\/\/integratek.es\/wp-content\/uploads\/2018\/05\/colome_roura_roser_hospital_sant_joan_deu_barcelona-100x100.jpg 100w, https:\/\/integratek.es\/wp-content\/uploads\/2018\/05\/colome_roura_roser_hospital_sant_joan_deu_barcelona-280x280.jpg 280w\" sizes=\"auto, (max-width: 346px) 100vw, 346px\" \/>\t\t\t\t\t\t\n\t\t\t\t\t<\/div>\n\t\t\t\t\t\t\t\t\n<style>\n#image_1994027592 {\n  width: 100%;\n}\n<\/style>\n\t<\/div>\n\t\n\n\n\t\t<\/div>\n\t\t\t\t\t<\/div>\n\n\t\n\n<\/div>\n\n","protected":false},"excerpt":{"rendered":"","protected":false},"author":1,"featured_media":0,"parent":0,"menu_order":0,"comment_status":"closed","ping_status":"closed","template":"","meta":{"_acf_changed":false,"productId":0,"footnotes":""},"class_list":["post-203186","page","type-page","status-publish","hentry"],"acf":[],"_links":{"self":[{"href":"https:\/\/integratek.es\/ca\/wp-json\/wp\/v2\/pages\/203186","targetHints":{"allow":["GET"]}}],"collection":[{"href":"https:\/\/integratek.es\/ca\/wp-json\/wp\/v2\/pages"}],"about":[{"href":"https:\/\/integratek.es\/ca\/wp-json\/wp\/v2\/types\/page"}],"author":[{"embeddable":true,"href":"https:\/\/integratek.es\/ca\/wp-json\/wp\/v2\/users\/1"}],"replies":[{"embeddable":true,"href":"https:\/\/integratek.es\/ca\/wp-json\/wp\/v2\/comments?post=203186"}],"version-history":[{"count":4,"href":"https:\/\/integratek.es\/ca\/wp-json\/wp\/v2\/pages\/203186\/revisions"}],"predecessor-version":[{"id":207071,"href":"https:\/\/integratek.es\/ca\/wp-json\/wp\/v2\/pages\/203186\/revisions\/207071"}],"wp:attachment":[{"href":"https:\/\/integratek.es\/ca\/wp-json\/wp\/v2\/media?parent=203186"}],"curies":[{"name":"wp","href":"https:\/\/api.w.org\/{rel}","templated":true}]}}

Currículum Roser Colomé

<div id="gap-1394702710" class="gap-element clearfix" style="display:block; height:auto;">
		
<style>
#gap-1394702710 {
  padding-top: 50px;
}
</style>
	</div>
	

<div class="row"  id="row-2115536422">


	<div id="col-841904244" class="col medium-6 small-12 large-6"  >
				<div class="col-inner"  >
			
			

<h1><span style="font-size: 160%;">ROSER <span style="color: #ff8300;">COLOMÉ</span></span></h1>
<p>Llicenciada i doctora en Psicologia. Experta en neuropsicologia. Treballa com a neuropsicòloga a la Unitat de Trastorns de l&#8217;Aprenentatge Escolar (UTAE).  </p>
<div>
<p>Llicenciada en Psicologia per la Universitat Rovira i Virgili i doctora en Psicologia a la Universitat Autònoma de Barcelona (UAB). Màster en Neuropsicologia clínica per la UAB i reconeguda l&#8217;Expertesa a Neuropsicologia pel Col·legi Oficial de Psicòlegs de Catalunya. </p>
<p>Treballa com a neuropsicòloga a la Unitat de Trastorn de l&#8217;Aprenentatge Escolar (UTAE) de l&#8217;Institut Pediàtric Sant Joan de Déu.</p>
<p>També treballa com a adjunta al Servei de Neurologia de l&#8217;Hospital Sant Joan de Déu. La seva activitat assistencial es basa en la valoració neuropsicològica dels nens que presentin dany cerebral adquirit (TCE, AVC, &#8230;), epilèpsia, prematuritat, etc.</p>
<p>En la seva activitat docent, forma part de diferents programes de màster impartint assignatures relacionades amb la neuropsicologia a l&#8217;àmbit pediàtric i com a tutora de pràctiques. </p>
</div>

		</div>
					</div>

	

	<div id="col-1535538225" class="col medium-6 small-12 large-6"  >
				<div class="col-inner"  >
			
			

	<div class="img has-hover x md-x lg-x y md-y lg-y" id="image_1994027592">
								<div class="img-inner dark" style="margin:-0 0px 0px 0px;">
			<img loading="lazy" decoding="async" width="346" height="346" src="https://integratek.es/wp-content/uploads/2018/05/colome_roura_roser_hospital_sant_joan_deu_barcelona.jpg" class="attachment-large size-large" alt="" srcset="https://integratek.es/wp-content/uploads/2018/05/colome_roura_roser_hospital_sant_joan_deu_barcelona.jpg 346w, https://integratek.es/wp-content/uploads/2018/05/colome_roura_roser_hospital_sant_joan_deu_barcelona-100x100.jpg 100w, https://integratek.es/wp-content/uploads/2018/05/colome_roura_roser_hospital_sant_joan_deu_barcelona-280x280.jpg 280w" sizes="auto, (max-width: 346px) 100vw, 346px" />						
					</div>
								
<style>
#image_1994027592 {
  width: 100%;
}
</style>
	</div>
	


		</div>
					</div>

	

</div>
